6*w + 41. Let f be k(23). Suppose -20*s + f = -4*s. What are the prime factors of s?
2, 3, 13
Suppose -2*d - 2*d + 7 = -5*z, -2*z - 1 = -d. Let l be (((-2)/z)/2)/((-12)/780). Suppose 0 = k - 45 - l. What are the prime factors of k?
2, 5, 11
Suppose -13*d = 71*d - 2650116. List the prime factors of d.
7, 4507
Let h be (-24)/(-16)*(-2 + 4 + 0). Suppose -5*b - 23 = x - 4*x, h*x - 19 = 4*b. Let p(d) = 86*d - 8. List the prime factors of p(x).
2, 3, 13
Let p = -101 + 106. Suppose -4*n + 1241 = 5*i, 0*i - p*i - 3*n + 1242 = 0. What are the prime factors of i?
3, 83
Suppose 0 = b, 3*n = -5*b - 156 - 603. Let h = n + 330. What are the prime factors of h?
7, 11
What are the prime factors of ((-4)/(8/(-115)))/(7*(-13)/(-7098))?
3, 5, 13, 23
Let m be 25/5 + (-1 - 0). Suppose -t = -3 + m, 2*d - 391 = 5*t. What are the prime factors of d?
193
Suppose l - 4*i = 56, -5*i + 140 = 5*l - l. List the prime factors of (206880/400)/((-4)/(l/(-3))).
2, 431
Suppose 32876 - 80436 = -58*b + 173478. List the prime factors of b.
37, 103
Let t = -125 - -215. Suppose 0 = 2*h - 146 - t. Suppose -v + 173 - h = 0. List the prime factors of v.
5, 11
Let x = -49 - -41. Let b(v) = 9*v**2 - 9*v - 32. What are the prime factors of b(x)?
2, 7, 11
Let u(w) = -16*w - 148. Let h be u(-10). Suppose 6880 = -h*s + 20*s. What are the prime factors of s?
2, 5, 43
Let i(m) = -m**3 + 4*m**2 + 5*m - 6. Let f be i(4). List the prime factors of f/(-35)*685/(-2).
137
Suppose 13*u + 5 + 21 = 0. Let s(j) = -22*j**3 - 2*j**2. Let w be s(u). Suppose 3*a - 110 = -3*t - t, w = 5*a - t. List the prime factors of a.
2, 17
Let d be -56*(20/8 + -2). Let t be (-8)/d - 1359/(-21). Let s = t + 10. List the prime factors of s.
3, 5
Suppose 5*p - 156 = -a, -2*p - 3*p + 5*a + 150 = 0. Suppose 196 = 5*w + 2*w. Suppose 180 = p*s - w*s. List the prime factors of s.
2, 3, 5
Suppose 41079 = -79*i + 83*i - 3*p, 2*p - 51343 = -5*i. What are the prime factors of i?
3, 7, 163
Let c = 386 - 382. Let r(a) = 207*a + 98. What are the prime factors of r(c)?
2, 463
Let b(u) = -22*u**3 + 6*u**2 - 11*u + 4. Let x be b(-6). List the prime factors of x/12 - (-22)/132.
2, 3, 5, 7
Suppose 4*s + 23*n - 105216 = 27*n, 5*n = -5. What are the prime factors of s?
29, 907
Let d be (-2 - (-6)/9)*-6. Suppose d*z - 5 = 3*z. Suppose -2*q + 17 = z. What are the prime factors of q?
2
Suppose -23*u = u + 20*u - 330264. List the prime factors of u.
2, 3, 139
Suppose -14*u + 7740 = -5*u. Let b = -312 + u. Suppose -4*j = -8*j + b. What are the prime factors of j?
137
Suppose -17*z = -10*z + 392. List the prime factors of (-981)/(-1) + z/(-7).
23, 43
Let z be 154 - (2 + -4)*6/(-6). Let u = 108 + -29. Let t = z + u. List the prime factors of t.
3, 7, 11
Let u = 2792 - -4659. List the prime factors of u.
7451
Suppose 4*o - 4*j + 16 = 0, -3*j + 28 = -5*o + 4. What are the prime factors of o/20*(-544)/(-12)*-10?
2, 17
Suppose -779*r + 775*r = j - 3134, r = 0. List the prime factors of j.
2, 1567
Let y be (7 - 119)/(-8)*1/(-2). Let o(a) = 10*a**2 + 4*a - 12. What are the prime factors of o(y)?
2, 3, 5
Suppose 5*h = 3*h + 2*r + 14880, 0 = -3*h - r + 22320. What are the prime factors of h?
2, 3, 5, 31
Suppose 0 = g - 3*g - 18. Suppose 9 + 7 = b. Let y = g + b. List the prime factors of y.
7
Let o be (627/(-44))/(9/(-12)). Suppose 2*y = 2*c - 0*c - 30, -5*c = -y - o. What are the prime factors of y/28 + 126/4?
31
Let s(l) = l**3 + 6*l**2 - 9*l - 10. Let b be s(-7). Suppose -2*k + 2*a = k - 487, -b = -4*a. List the prime factors of k.
163
Suppose 0 = 5*x - 214 - 2891. Suppose 20*i = 17*i + x. Suppose 0 = -3*l + 3*y + i, -y = -l + 3*y + 78. List the prime factors of l.
2, 3, 11
Suppose -3*c + 8*c - 5*w = -670, 676 = -5*c + 2*w. Suppose 0 = -6*p + 59 + 1255. Let i = c + p. List the prime factors of i.
83
Let p be (-51)/((-17)/9 - -2). Let s = p - -734. Let l = -71 + s. What are the prime factors of l?
2, 3, 17
Suppose -1 = -c, 7028 = z - 211*c + 213*c. What are the prime factors of z?
2, 3, 1171
Let z(d) = -8285*d - 337. List the prime factors of z(-4).
32803
Let c = 137 + -116. Let g = 227 - c. What are the prime factors of g?
2, 103
Suppose 0 = 3*x + 3*y - 186, -4*x + 119 + 121 = -4*y. Let s = x - 54. List the prime factors of 4/(-18)*(13 - s)*-54.
2, 3
Suppose 6 + 21 = 9*r. Suppose -r*m + m + 1104 = 0. What are the prime factors of m?
2, 3, 23
Let w(l) = 21*l**2 - 123*l - 18. Let i be w(6). Suppose 8 = 5*s - s. Suppose -2*n + s*b + 328 = i, 2*b = 4*b. What are the prime factors of n?
2, 41
Let u be (-2)/(-14)*-3 - (-12150)/126. Suppose 5*y = -3*d + 168, 3*d + 0*d = -3*y + u. List the prime factors of y.
2, 3
Let w = 16947 - -162. List the prime factors of w.
3, 1901
Let c(x) = -343*x - 566. List the prime factors of c(-20).
2, 3, 1049
Suppose 13 + 5 = x - 2*z, 2*z + 58 = 5*x. Suppose -3*u = 4*r - 22, -u = -5*r + 4*u + x. Suppose r*p + 18 = 170. What are the prime factors of p?
2, 19
Suppose 87 = -4*u - 2*z + 847, -u - z = -188. Suppose 3*x = -0*x + u. Suppose c - 3*c = -x. List the prime factors of c.
2
Let y be 3 - 1/(2/(-2)). Let g(r) = -13*r - 1115. Let t be g(-86). Suppose 3*b + c = 21, -y = b - t*c - 11. What are the prime factors of b?
7
What are the prime factors of (-1)/(-6)*-3*(-11 + -25395) - -3?
2, 6353
Suppose -19*v + 105*v + 48*v - 1401104 = 0. What are the prime factors of v?
2, 1307
Let l(g) = -29*g**2 + 5*g**3 + 25 + 2*g**3 + 69*g + 3*g**3 - 4*g**3 - 5*g**3. List the prime factors of l(28).
3, 17, 23
Let g(d) = -3*d**2 - d**3 - 2 - 6*d + 3 - 6*d. Let x(v) = -17*v + 46. Let o be x(3). What are the prime factors of g(o)?
3, 37
Let w(r) = -423*r**3 + 2*r**2 + 22*r + 35. List the prime factors of w(-3).
2, 23, 31
Let q = -7 + -11. Let t be q/12*6/9. What are the prime factors of (t/(-1))/((-7)/(-469))?
67
Let b be (-3 - -2)/((-3)/12). Let d(i) = 10 - 14 - i**2 + b*i**2 + 4*i**2 + i**3. What are the prime factors of d(-5)?
2, 23
Let x(j) = j**3 + 9*j**2 + 4*j - 2. Let y be x(-8). Suppose 5*q = y + 90. What are the prime factors of q?
2, 3
Let f(u) = -u**2 - 81 + 7 + 65 + 17*u. Suppose 12 = -v + 5*y, -5*v - 2*y = -v - 40. What are the prime factors of f(v)?
3, 7
Suppose -20*h = -19*h + 7. Let d be (-7)/h - (-14 - 1*-2). Suppose 4*y + 2*j - 13 = d, 4*j - 7 = y. List the prime factors of y.
5
What are the prime factors of 9831601/799 + ((-64)/34 - -2)?
5, 23, 107
Let l(w) = -w**2 - 8*w - 8. Let d be l(-2). Suppose -d*q = -0*q + t - 1681, 2*t - 10 = 0. What are the prime factors of q?
419
Suppose -10 = 2*m, 2*f - 4*m + 71017 = 205255. What are the prime factors of f?
7, 9587
Let o(l) = 7*l + 4. Let w(t) = -6*t - 5. Let h(b) = 3*o(b) + 4*w(b). Let j be h(-4). List the prime factors of (-3)/12 + 101/j.
5
Suppose 3*x = 6 - 0. Suppose 21 = 5*w - 2*a, -a + 2*a = -2*w + 3. What are the prime factors of (x + -115)/(-4 + 0 + w)?
113
Suppose -2896*v + 2862*v = -332826. What are the prime factors of v?
3, 13, 251
Let i = 47268 - 31069. List the prime factors of i.
97, 167
Let c = -96 - -92. Let x(r) = r**2 + r - 1. Let w(p) = -3*p**2 - 28*p - 5. Let i(j) = c*x(j) - w(j). What are the prime factors of i(11)?
2, 19
Suppose -122*o - 264638 = -133*o. List the prime factors of o.
2, 23, 523
Suppose -5*v + 5*c = -4*v - 3722, 7504 = 2*v + 5*c. What are the prime factors of v?
2, 1871
Suppose m = 316 + 330. Let a = m - 223. What are the prime factors of a?
3, 47
Suppose 30723 = 3*d - 33489 - 24606. What are the prime factors of d?
2, 113, 131
Let d be 9/(-3) - (-4 - -3)*3. Suppose d*m + 160 = -2*m. Let q = 51 - m. List the prime factors of q.
131
Let s be (-8)/2*(-1 + 5 + -5). Suppose 0*y = -3*y + 3, 0 = 3*z + s*y - 1651. List the prime factors of z.
3, 61
Let w be 6 - (2 + -1 + 1). Let g be ((-4)/(-12 + w)*0)/(-2). Suppose g = 5*h - 3*p - 736, -5*p + 96 + 40 = h. What are the prime factors of h?
2, 73
Suppose 4*u + 67*f = 66*f + 4691, 2*u - 3*f - 2349 = 0. What are the prime factors of u?
3, 17, 23
Let z(k) be the second derivative of 11*k**3/6 + 33*k**2/2 - 43*k. Let p(b) = 20*b + 66. Let r(x) = -3*p(x) + 5*z(x). What are the prime factors of r(-12)?
3
List the prime factors of 2995165/95 - 22 - 1/19.
2, 3, 59, 89
Suppose -5*i - 6*z = -4*z - 33, -4*z = 4*i - 36. Suppose i*v - 3*w = 4261, w = -w - 4. What are the prime factors of v?
23, 37
Suppose 11 - 1 = -3*